 = -742 - -2230. What are the prime factors of o?
2, 3, 31
Let t = 1610 - 241. Suppose 202 = -4*k + 5*m + t, -4*k - m = -1149. List the prime factors of k.
2, 3
Let r(z) = 4*z - 35. Let v be r(10). Suppose -v*w - x + 61 = -626, 5*w - 699 = 3*x. What are the prime factors of w?
2, 3, 23
Let d be (204/8)/(2/12). Suppose -d = -7*w + 106. List the prime factors of w.
37
Let u(x) = x**3 + 12*x**2 - 14*x - 27. Let r be u(-10). Let b = r + -138. List the prime factors of b.
5, 7
Let n(f) = -2*f - 5. Suppose 0 = 5*p + g + 17 + 8, -2*g = -3*p - 2. What are the prime factors of n(p)?
3
Let k(f) = 15*f + 18. List the prime factors of k(10).
2, 3, 7
Let k(w) = -252*w - 64. What are the prime factors of k(-2)?
2, 5, 11
What are the prime factors of 274 + -6 + 1 + 4?
3, 7, 13
List the prime factors of (3 + 7/(-2))/(3/(-4626)).
3, 257
Let z(k) = -k**3 + 3*k**2 + 5*k. Let n be z(4). Suppose 4*r - 87 = 3*j, -5*j + 33 = -n*r + 130. List the prime factors of r - (-1 + 7)/3.
2
Suppose 0 = 156*c - 152*c - 8516. List the prime factors of c.
2129
Let k be 2/6 - 12/9 - -379. Suppose 768 = 4*j - b, 0 = -j - j + 2*b + k. List the prime factors of j.
193
Let u = 863 - 25. What are the prime factors of u?
2, 419
Suppose 5*t = -3*v + 4*t + 3072, 5*v - 2*t - 5120 = 0. What are the prime factors of v?
2
Suppose 3*i = -5*c + 411, -4 + 7 = c. List the prime factors of i.
2, 3, 11
Suppose j + 3*g = 1045, -32*j + 37*j = -3*g + 5237. List the prime factors of j.
2, 131
Let n be 282/(-7) + 12/42. Let h = -34 - n. Suppose -1 = h*i - 103. List the prime factors of i.
17
Suppose -2*u - 8 = 0, 0 = 7*m - 3*m - 4*u + 4408. List the prime factors of (-2)/3 + m/(-21).
2, 13
Suppose 3*f - 3 = 0, -217 - 50 = -h + 2*f. What are the prime factors of h?
269
Suppose 0 = 4*s + 153 + 623. Let m = 293 + s. Suppose 204 - 11 = 4*d - k, k = 2*d - m. List the prime factors of d.
47
Suppose 3*b - 778 = 1880. What are the prime factors of b?
2, 443
Let s = 223 + -163. Let i = 2 + 1. Suppose -5*m + s = i*y, -3*m + 16 = 5*y - 4. List the prime factors of m.
3, 5
Let g(o) = o**3 + 10*o**2 + 19*o + 93. What are the prime factors of g(-7)?
107
Let i(s) = -s + 18. Let y be i(8). Let x(l) = -y*l**3 - 19*l**3 + 3*l**2 - l - 4*l**2 - 1. List the prime factors of x(-1).
2, 7
Let t(p) = -p**3 - 8*p**2 + 33*p - 34. What are the prime factors of t(-15)?
2, 523
Let h(y) = 167*y + 20. What are the prime factors of h(10)?
2, 5, 13
Let i(b) = 18*b. Let v = -70 + 72. What are the prime factors of i(v)?
2, 3
Suppose -5*j - 35 - 5 = 0. Let m(g) = -5*g**2 + g + 44. Let x(y) = 2*y**2 - 15. Let k(f) = 3*m(f) + 8*x(f). List the prime factors of k(j).
2, 13
Suppose 71 - 8 = 7*h. Suppose 2 = c - h. Let f = 18 - c. List the prime factors of f.
7
Let f = 67 - -12. Let n = 75 + -110. Let c = f + n. List the prime factors of c.
2, 11
Suppose 0 = c + 3*z - 813, -26*z = -25*z - 4. What are the prime factors of c?
3, 89
Let s be (10/(-15))/(8/(-588)). Let v = s + -40. List the prime factors of v.
3
Suppose 3*r + n + 142 = 0, 0 = -0*r + 2*r + 2*n + 96. Let t = 98 + r. What are the prime factors of t?
3, 17
Suppose -3*r - 11*r = -3542. What are the prime factors of r?
11, 23
Let q(t) = 2*t**3 + t**2 + 2*t - 2. Suppose -3*l - 3*b + 18 = b, -2*l = 2*b - 10. Let n = l - 0. What are the prime factors of q(n)?
2, 11
What are the prime factors of (357/(-35) + 9)/(4/(-2350))?
3, 5, 47
Let q = 397 - 217. What are the prime factors of q?
2, 3, 5
Let y(w) = 13*w**2 - 25*w + 88. What are the prime factors of y(5)?
2, 3
Let u be (9 + -1)/(-2 - (-12)/3). Suppose u = 9*x - 59. What are the prime factors of x?
7
Let m(a) be the second derivative of a**5/20 - a**4/12 - 19*a**3/6 - a**2 + 22*a. List the prime factors of m(6).
2
Suppose -2*g - 5*q + 329 = -414, -1498 = -4*g + 2*q. List the prime factors of g.
2, 11, 17
Let d(g) = -69*g**2 + 3*g + 9. Let y be d(-2). Let j = -189 - y. List the prime factors of j.
2, 3, 7
Let n(c) = c**3 - 5*c**2 + 2. Let b be n(5). What are the prime factors of b/((-4)/(-2)) - (-24 - -9)?
2
Suppose -3*y = 2*y - 10. Suppose -3*a = -3*l - 48, 3*l + 38 = 2*a - y*l. Let m = a + -1. List the prime factors of m.
13
Suppose 47*j - 56*j + 25101 = 0. What are the prime factors of j?
2789
Suppose -2*a = -72 - 958. Suppose -3*r + a = -58. What are the prime factors of r?
191
Suppose -8 = -3*z + 1. Suppose -3*b + 37 + 11 = t, -z*b + 12 = 0. Suppose -2*a + r = -44, 4*a - t = -3*r + 72. What are the prime factors of a?
2, 3
Suppose 8*h = 10*h - 6. Suppose h*l + 3 = 4*l. Suppose -3*u = 2*c - 104, u + 4*u - 148 = l*c. List the prime factors of u.
2
Let r be 0*((0 - -2) + -3). Suppose r*b - 36 = 4*b. List the prime factors of (-15)/(-10)*(-156)/b.
2, 13
Let g(d) = -8*d - 4. Let p be g(-1). Suppose 4*j = p*n + 4, 16 = 3*j + 5*n - 27. What are the prime factors of j?
2, 3
Let t = 13 + -8. Let k be 23 + t/(5/2). Suppose -3*q - k + 70 = 0. List the prime factors of q.
3, 5
Suppose 4 = -k + 4*p, -5*p + 5 + 34 = 3*k. Let g(o) = o**3 - 8*o**2 + o + 6. List the prime factors of g(k).
2, 7
Let l(t) = -34*t - 34. Suppose 4*v + 21 = 1. What are the prime factors of l(v)?
2, 17
Let d(u) = -u**3 - 21*u**2 + 45*u + 200. List the prime factors of d(-27).
3359
Let y(g) be the second derivative of -g**5/20 + g**4 + 7*g**3/3 - 2*g**2 - g. Let v be y(13). Suppose 5*h - 229 = -v. What are the prime factors of h?
2, 11
Let x be (-116)/((-1 + 3)*(-2 + 1)). Let p = x + 15. List the prime factors of p.
73
Let m = -3 + 3. Let b(w) = m*w**2 + w**2 - 8*w + 1 + 2 + 2. What are the prime factors of b(11)?
2, 19
Let f = 53 - 45. Suppose f*g = -0*g + 504. What are the prime factors of g?
3, 7
Suppose -11*c - 6962 = -64107. What are the prime factors of c?
5, 1039
Suppose 9264 = -7*v + 19*v. List the prime factors of v.
2, 193
Suppose 201 = -15*h + 6426. List the prime factors of h.
5, 83
Suppose d - 6*d + 715 = 0. Let s = 19 + d. What are the prime factors of s?
2, 3
Let i(h) = 36*h + 45. Let g be i(11). Let b = g - 260. List the prime factors of b.
181
What are the prime factors of (-2)/23 + 370833/1633?
227
Let o be (2*23)/(-14 - -12). Let q = o + 41. List the prime factors of q.
2, 3
Suppose 0 = -7*v + 12 + 16. Let t be (11 + 1)*4/4. Suppose v*s = 92 + t. What are the prime factors of s?
2, 13
Let k(c) = -c**3 - 9*c**2 + 3*c + 8. Let b be k(-9). Let u = 15 + b. List the prime factors of u/2 + 3 + 20.
3, 7
Suppose 5*k = k + 1560. Let u be (k/(-45))/((-4)/30). Suppose -2*t + 9 = t, 2*m + 3*t = u. List the prime factors of m.
2, 7
Suppose 52 = -4*u - 5*f, -5 = 2*f + 3. Let w = -1 + -25. Let l = u - w. List the prime factors of l.
2, 3
Let b(q) = 2*q + 8. Let o be b(-6). Let a(w) = 3*w + 2. Let y be a(o). List the prime factors of 2/(-5) - 24/y.
2
List the prime factors of 1 + (-13)/((-52)/3488).
3, 97
Let w(s) = -216*s - 1. Let k be w(-2). Suppose -v - 3*v = 5*f - 565, k = 4*f - v. Let m = -60 + f. List the prime factors of m.
7
Let a = 2 + 13. Suppose x = 2*x + 4*f + a, 5*x - f = -12. What are the prime factors of -1 + (-1)/(x/27)?
2
Let a(h) = -h**2 - 1. Let t(v) = 7*v**2 + 5*v + 1. Let c(i) = -3*a(i) + t(i). List the prime factors of c(-3).
79
Let z(s) be the third derivative of -s**4/24 + s**3 + s**2. Let p be z(10). Let a(u) = -u**3 - u**2. List the prime factors of a(p).
2, 3
Let l(d) = 4*d**3 - d**2. Let s be l(-1). Let m = 7 + s. Suppose k - 5*j = -m*k + 98, 3*j - 15 = 0. What are the prime factors of k?
41
Let p(a) = a**2 - 10*a - 14. Let m be p(12). Suppose 0 = -5*t + m, 2*s - 44 = 5*t + 56. List the prime factors of s.
5, 11
Suppose 3*h + 2*h = 480. Suppose -4*v = -0*v - h. Suppose -m + v = m. List the prime factors of m.
2, 3
Let t(i) = -i**3 - 5*i**2 + 4*i + 3. Let q be t(-7). Suppose -5*k - q = -4*r, -5*r + 75 = k - 4*k. Suppose -h = h - r. What are the prime factors of h?
2, 3
Let f(u) = u**3 + 7*u**2 + 11*u + 5. Let b be f(-5). Suppose 4*r + 2*g - 386 = b, r - 86 = -5*g + g. What are the prime factors of r?
2, 7
Let g(l) = 81*l + 238. What are the prime factors of g(7)?
5, 7, 23
Let u = 5542 - 3121. List the prime factors of u.
3, 269
Suppose 2*v + 3*v - 55 = 0. Suppose -v*b = -17*b + 696. What are the prime factors of b?
2, 29
Suppose -a - 2*n = -195 - 577, 3 = 3*n. What are the prime factors of a?
2, 5, 7, 11
Let g(q) = q**2 + q + 10. Let s(n) = n